 627. What is y(14)?
39
Let y(c) = -1702*c - 10257. Calculate y(-6).
-45
Let k(d) = 14118*d + 56464. Give k(-4).
-8
Let w(c) = -c**3 + 8*c**2 - 2*c - 48. Determine w(-4).
152
Let f(p) = -33246*p + 9342152. What is f(281)?
26
Let h(q) = -966*q + 577810. Calculate h(598).
142
Let m(p) = 1729*p + 143757. Determine m(-83).
250
Let q(j) = 8*j**2 - 33054*j - 99197. Give q(-3).
37
Let b(a) = 5169*a + 20688. Give b(-4).
12
Let d(m) = 68240*m + 14125669. Calculate d(-207).
-11
Let v(y) = -45*y**2 + 148*y + 5. Give v(3).
44
Let w(q) = -116*q + 514. Determine w(23).
-2154
Let n(r) = 68*r**2 + 3672*r - 15758. What is n(-58)?
18
Let k(j) = j**3 + 41*j**2 - 302*j - 11352. Calculate k(-41).
1030
Let b(u) = 373*u - 154300. Determine b(410).
-1370
Let y(v) = 3*v**2 + 85*v - 7769. What is y(-67)?
3
Let h(k) = 6*k**3 + 3650*k**2 + 12101*k + 619. What is h(-605)?
14
Let g(q) = -2*q**2 + 18*q + 108064. What is g(237)?
-8
Let r(s) = 33*s - 605. Determine r(-26).
-1463
Let t(g) = -3*g**2 + 1005*g - 10714. Give t(324).
-22
Let n(h) = 1496*h + 11965. Give n(-8).
-3
Let z(n) = -n**2 - 565*n + 26825. Determine z(44).
29
Let p(z) = 401*z - 7028. Give p(20).
992
Let x(a) = -5*a**3 - 25*a**2 - 12*a + 3. What is x(-2)?
-33
Let b(g) = 2*g**2 + 154*g - 1537. What is b(9)?
11
Let l(y) = 4*y**3 - 40*y**2 - 13*y + 145. Give l(10).
15
Let q(p) = 4951*p + 41101. Give q(-8).
1493
Let i(u) = 6076*u + 54498. Give i(-9).
-186
Let x(r) = r**3 - 24*r + 326. Calculate x(0).
326
Let u(y) = y**2 + 54*y + 684. Determine u(-32).
-20
Let a(x) = -3*x**2 - 350*x + 309. Give a(-117).
192
Let j(o) = o**2 + 15341*o - 214967. Give j(14).
3
Let p(w) = -w**3 + 406*w**2 - 181*w + 73443. Determine p(406).
-43
Let f(w) = 2*w**2 + 1395*w + 225494. Determine f(-443).
7
Let b(u) = -894*u - 23573. Calculate b(-26).
-329
Let y(j) = j**3 + 111*j**2 - 90*j - 33976. Calculate y(-109).
-404
Let x(g) = 32*g**2 + 2169*g - 471. What is x(-68)?
5
Let f(z) = -34739*z - 2570670. Give f(-74).
16
Let w(l) = -7726*l - 15580. Give w(-2).
-128
Let q(v) = -v**3 + 320*v**2 - 13933*v + 497. Give q(268).
1301
Let b(m) = -m**3 - 317*m**2 - 1156*m - 165684. Calculate b(-315).
6
Let i(b) = -4*b**3 - 103*b**2 - 19*b + 3406. What is i(-24)?
-170
Let b(d) = 2338*d + 21796. Determine b(-9).
754
Let l(t) = 2*t**3 - 200*t**2 - 409*t + 20928. Give l(101).
21
Let b(l) = 31130*l - 2895078. Give b(93).
12
Let y(g) = 26103*g - 287379. Determine y(11).
-246
Let a(x) = -8608*x + 68908. Determine a(8).
44
Let p(z) = 407*z - 3519. What is p(10)?
551
Let h(q) = 6777*q**2 + 20393*q - 2. Calculate h(-3).
-188
Let u(d) = 7*d**3 - 74*d**2 - 146*d + 1843. Determine u(10).
-17
Let j(z) = -423434*z + 1693760. What is j(4)?
24
Let g(i) = 21*i**2 - 592*i + 176. Determine g(28).
64
Let k(n) = -7904129*n - 7. Determine k(0).
-7
Let y(r) = 19437*r**2 + 97188*r + 19. What is y(-5)?
4
Let h(n) = -276*n + 1811. Calculate h(6).
155
Let p(j) = j**3 - 164*j**2 + 1651*j + 4905. What is p(153)?
9
Let o(p) = -79*p**3 - 6*p**2 - 1276*p + 1282. Give o(1).
-79
Let z(x) = -147*x**3 - x**2 + 255*x - 512. Determine z(2).
-1182
Let y(v) = v**3 + 47*v**2 + 193*v - 45. Calculate y(-5).
40
Let c(p) = p**2 - 11463*p - 598779. What is c(-52)?
1
Let u(s) = 3*s**3 + 14*s**2 - 602*s - 5936. Determine u(-10).
-1516
Let y(p) = p**3 - 87*p**2 + 346*p - 1085. Determine y(83).
77
Let r(f) = -f**2 - 7878*f + 102604. Calculate r(13).
21
Let h(a) = 354*a + 4774. What is h(-12)?
526
Let m(r) = -55*r**3 - 4844*r**2 - 362*r - 680. What is m(-88)?
200
Let g(k) = k**2 - 30*k - 513. Determine g(51).
558
Let u(z) = -371*z**3 - 6683*z**2 - 90*z + 3. Determine u(-18).
3
Let b(o) = 6*o**3 + 53*o**2 + 563*o - 4896. Calculate b(5).
-6
Let n(d) = 118256*d - 3902441. Give n(33).
7
Let g(v) = -v**2 + 1063*v - 179053. Give g(210).
77
Let r(d) = -481110*d - 1443310. Give r(-3).
20
Let y(i) = -i**3 - 275*i**2 + 433*i - 33524. What is y(-277)?
-7
Let t(a) = 980*a + 2572. What is t(-2)?
612
Let q(y) = -12*y**2 - 122*y + 2. Give q(-10).
22
Let n(w) = -142*w**2 - 370*w + 9574. Determine n(7).
26
Let z(j) = -158*j + 7698. What is z(50)?
-202
Let f(y) = -y**3 - 80*y**2 + 4946*y - 1863. Determine f(-121).
-48
Let f(j) = -2*j**2 + 3042*j + 49166. Give f(-16).
-18
Let u(x) = 2*x**3 - 739*x**2 + 43073*x - 2329. Calculate u(297).
47
Let c(v) = -v**3 + 22*v**2 + 2902*v + 147. Calculate c(66).
15
Let s(h) = -10993*h + 494608. Calculate s(45).
-77
Let i(f) = 22*f**3 + 8*f**2 + 118*f + 544. What is i(-6)?
-4628
Let o(d) = 7*d**3 + 280*d**2 + 21*d + 945. Calculate o(-40).
105
Let t(u) = 40828*u - 612415. Calculate t(15).
5
Let z(q) = 10175*q + 2157095. Give z(-212).
-5
Let h(u) = -2*u**2 + 534*u - 35172. What is h(149)?
-8
Let k(r) = 375*r + 5473. Determine k(-4).
3973
Let b(t) = -2*t**3 - 10*t**2 + 251*t + 344. Determine b(10).
-146
Let u(c) = 328*c - 7990. Calculate u(21).
-1102
Let j(f) = 696*f - 3928. What is j(8)?
1640
Let z(y) = -y**3 - 15*y**2 + 147*y - 54. Give z(-18).
-1728
Let a(d) = -2*d**2 + 19030*d + 57101. Calculate a(-3).
-7
Let b(w) = -w**3 + 5*w**2 + 14365*w + 57441. What is b(-4)?
125
Let p(v) = -2*v**3 - 13*v**2 + 36*v + 291. Determine p(-5).
36
Let g(x) = 2515*x - 12584. What is g(5)?
-9
Let s(w) = 5*w**3 - 272*w**2 + 41*w + 3567. Determine s(54).
-51
Let l(c) = c**2 + 26*c - 2159. Determine l(34).
-119
Let o(t) = t**3 + 41*t**2 - 217*t - 11291. Calculate o(-39).
214
Let w(a) = 8*a**3 - 1279*a**2 - 159*a + 156. Give w(160).
316
Let a(j) = -1286*j + 7463. Calculate a(6).
-253
Let o(j) = -35599*j + 1032393. Give o(29).
22
Let l(f) = -f**3 + 1849*f**2 - 9222*f - 4. Give l(5).
-14
Let n(k) = -4*k**3 - 11*k**2 - 5*k - 1125. Calculate n(0).
-1125
Let p(x) = -2*x**3 - 495*x**2 + 207*x - 10186. What is p(-248)?
-18
Let w(a) = -231*a - 1. Calculate w(0).
-1
Let s(v) = -4219*v - 231983. Determine s(-55).
62
Let l(j) = -2*j**2 - 655*j - 32081. Calculate l(-60).
19
Let g(n) = -n**3 - 23*n**2 + 95*n + 2731. Calculate g(-12).
7
Let p(a) = 338*a - 74399. Give p(207).
-4433
Let d(o) = 185*o**3 - 24*o**2 - 154*o - 131. Give d(-1).
-186
Let w(u) = -410*u**2 - 4499*u + 54. Give w(-11).
-67
Let j(r) = -14*r**2 + 2834*r + 4498. Determine j(204).
10
Let t(y) = 517*y + 25031. Determine t(-48).
215
Let j(s) = 1507*s**2 + 34660*s - 19. Determine j(-23).
4
Let l(z) = 15008*z + 45137. Calculate l(-3).
113
Let v(x) = 74*x + 4312. Give v(-60).
-128
Let x(t) = -t**3 + 101*t**2 + 986*t + 428. Determine x(110).
-12
Let r(g) = -613*g**2 - 15281*g + 1131. What is r(-25)?
31
Let f(l) = 2222*l + 46725. Calculate f(-22).
-2159
Let r(w) = 5*w - 1773. What is r(88)?
-1333
Let p(z) = z**3 - 2807*z**2 - 5567*z + 101. What is p(-2)?
-1
Let d(t) = -t**3 - 22*t**2 + 4774*t + 91792. Give d(-19).
3
Let f(r) = 447*r - 16037. Determine f(42).
2737
Let w(m) = m**2 - 333057*m - 1665304. What is w(-5)?
6
Let x(p) = -1204*p - 35135. Determine x(-30).
985
Let h(t) = 2584*t**2 - 90448*t + 288. Determine h(35).
8
Let b(k) = 9*k**3 + 17*k**2 - 294*k - 1912. Determine b(-5).
-1142
Let g(k) = -349640*k + 2097836. What is g(6)?
-4
Let m(o) = 309*o + 5201. What is m(-21)?
-1288
Let z(f) = 5*f**2 + 3857*f + 23121. Give z(-6).
159
Let b(a) = a**2 - 353*a - 21954. Calculate b(-54).
24
Let i(s) = s**3 + 20*s**2 + 39*s - 221. Determine i(-16).
179
Let n(g) = -g**3 + 17*g**2 + 1018*g - 8795. Give n(8).
-75
Let x(z) = 9438*z - 91. Calculate x(0).
-91
Let o(i) = -174364*i + 2092364. Give o(12).
-4
Let q(t) = 2*t**2 + 39*t + 1845. Determine q(-30).
2475
Let v(m) = 18245*m - 218938. Determine v(12).
2
Let m(y) = 41*y**2 - 28*y - 39. Determine m(0).
-39
Let b(w) = w**3 + 30*w**2 - 16166*w - 696. Give b(-143).
305
Let w(g) = 2*g**3 - 166*g**2 + 1587*g + 13561. Determine w(18).
7
Let z(a) = 4726*a - 127584. Give z(27).
18
Let b(t) = -t**3 - 499*t**2 - 24416*t + 1763. What is b(-444)?
-13
Let k(s) = -22735*s - 22873. Determine k(-1).
-138
Let u(n) = n**3 - 1761*n**2 + 5353*n - 244. What is u(3)?
-7
Let f(z) = 97*z - 729. Give f(14).
629
Let x(y) = -108835*y + 108835. Determine x(1).
0
Let q(c) = 420*c**2 - 3416*c - 3415. Calculate q(-1).
421
Let f(d) = -d**3 + 14*d**2 + 63*d - 449. Give f(-11).
1883
Let x(c) = 6702*c - 1206420. What is x(180)?
-60
Let t(s) = 2*s**2 - 2572*s + 656369. Determine t(351).
-1
Let r(s) = 4820*s - 57904. Calculate r(12).
-64
Let v(r) = -879*r*